it of 242958?
9
What is the units digit of 62969?
9
What is the thousands digit of 4093675?
3
What is the units digit of 210703?
3
What is the thousands digit of 282602?
2
What is the thousands digit of 20444068?
4
What is the ten thousands digit of 393822?
9
What is the hundreds digit of 19648879?
8
What is the millions digit of 1280020?
1
What is the units digit of 13773?
3
What is the thousands digit of 202469?
2
What is the thousands digit of 91153?
1
What is the tens digit of 1896035?
3
What is the thousands digit of 19063385?
3
What is the ten thousands digit of 8096509?
9
What is the ten thousands digit of 5202948?
0
What is the thousands digit of 662182?
2
What is the hundreds digit of 1214?
2
What is the tens digit of 14298348?
4
What is the thousands digit of 3926097?
6
What is the thousands digit of 1435?
1
What is the thousands digit of 8165286?
5
What is the ten thousands digit of 6116451?
1
What is the tens digit of 2250?
5
What is the units digit of 1390876?
6
What is the tens digit of 334243?
4
What is the ten thousands digit of 1711148?
1
What is the units digit of 1810282?
2
What is the ten thousands digit of 758115?
5
What is the units digit of 2131609?
9
What is the units digit of 701838?
8
What is the units digit of 21270247?
7
What is the ten thousands digit of 914288?
1
What is the units digit of 104165?
5
What is the ten thousands digit of 1454972?
5
What is the tens digit of 7313393?
9
What is the units digit of 28508?
8
What is the hundred thousands digit of 549049?
5
What is the ten thousands digit of 10918561?
1
What is the hundreds digit of 23046?
0
What is the units digit of 12392172?
2
What is the ten thousands digit of 58004?
5
What is the tens digit of 4937442?
4
What is the ten thousands digit of 1138840?
3
What is the hundred thousands digit of 4813298?
8
What is the thousands digit of 636839?
6
What is the units digit of 686662?
2
What is the thousands digit of 81050?
1
What is the thousands digit of 222512?
2
What is the ten thousands digit of 1753798?
5
What is the thousands digit of 92758?
2
What is the thousands digit of 23456462?
6
What is the units digit of 31126843?
3
What is the tens digit of 4024065?
6
What is the thousands digit of 1005928?
5
What is the hundreds digit of 2825857?
8
What is the hundreds digit of 1338664?
6
What is the thousands digit of 263410?
3
What is the hundred thousands digit of 1257351?
2
What is the ten thousands digit of 3376753?
7
What is the tens digit of 14121592?
9
What is the hundreds digit of 85643?
6
What is the thousands digit of 533103?
3
What is the ten thousands digit of 233999?
3
What is the thousands digit of 3385911?
5
What is the tens digit of 9243412?
1
What is the ten thousands digit of 51329?
5
What is the tens digit of 1142299?
9
What is the tens digit of 591945?
4
What is the units digit of 221991?
1
What is the tens digit of 403932?
3
What is the units digit of 953730?
0
What is the units digit of 16005489?
9
What is the thousands digit of 800782?
0
What is the hundred thousands digit of 3832345?
8
What is the hundreds digit of 1241280?
2
What is the hundreds digit of 688825?
8
What is the units digit of 459921?
1
What is the hundreds digit of 188825?
8
What is the hundred thousands digit of 216443?
2
What is the tens digit of 817430?
3
What is the units digit of 30891658?
8
What is the tens digit of 17829486?
8
What is the ten thousands digit of 10901574?
0
What is the hundreds digit of 13253?
2
What is the hundred thousands digit of 122398?
1
What is the units digit of 149852?
2
What is the hundreds digit of 8226596?
5
What is the ten thousands digit of 563141?
6
What is the tens digit of 2047919?
1
What is the hundreds digit of 4198571?
5
What is the tens digit of 1744630?
3
What is the millions digit of 1226500?
1
What is the millions digit of 1869022?
1
What is the units digit of 612876?
6
What is the tens digit of 3742712?
1
What is the ten thousands digit of 503903?
0
What is the hundred thousands digit of 27666961?
6
What is the ten thousands digit of 15878729?
7
What is the hundred thousands digit of 7521228?
5
What is the ten thousands digit of 41310735?
1
What is the ten thousands digit of 24722?
2
What is the tens digit of 27001725?
2
What is the units digit of 4020460?
0
What is the ten thousands digit of 508427?
0
What is the hundreds digit of 1504032?
0
What is the millions digit of 1900079?
1
What is the millions digit of 13569309?
3
What is the hundreds digit of 17542375?
3
What is the hundred thousands digit of 2394998?
3
What is the ten thousands digit of 228601?
2
What is the thousands digit of 4911160?
1
What is the ten thousands digit of 359573?
5
What is the tens digit of 113980?
8
What is the tens digit of 494334?
3
What is the thousands digit of 915681?
5
What is the hundred thousands digit of 10198769?
1
What is the ten thousands digit of 99387?
9
What is the tens digit of 4094072?
7
What is the units digit of 535573?
3
What is the hundreds digit of 3820162?
1
What is the ten millions digit of 15572538?
1
What is the ten thousands digit of 953027?
5
What is the millions digit of 23495254?
3
What is the tens digit of 206068?
6
What is the tens digit of 547870?
7
What is the ten thousands digit of 2139986?
3
What is the hundred thousands digit of 3778388?
7
What is the tens digit of 456251?
5
What is the hundreds digit of 1439061?
0
What is the hundreds digit of 212420?
4
What is the millions digit of 2292512?
2
What is the units digit of 33987?
7
What is the tens digit of 418765?
6
What is the units digit of 1504886?
6
What is the units digit of 694978?
8
What is the units digit of 4104921?
1
What is the millions digit of 15925570?
5
What is the tens digit of 364282?
8
What is the ten thousands digit of 226380?
2
What is the hundred thousands digit of 359254?
3
What is the hundred thousands digit of 110144?
1
What is the units digit of 850046?
6
What is the thousands digit of 128099?
8
What is the tens digit of 25108?
0
What is the tens digit of 1479953?
5
What is the ten thousands digit of 308376?
0
What is the ten thousands digit of 2286107?
8
What is the tens digit of 18374?
7
What is the hundred thousands digit of 18186956?
1
What is the millions digit of 20264788?
0
What is the tens digit of 11114219?
1
What is the tens digit of 729598?
9
What is the hundred thousands digit of 125195?
1
What is the tens digit of 1104541?
4
What is the ten thousands digit of 334488?
3
What is the tens digit of 85730?
3
What is the millions digit of 1046245?
1
What is the hundreds digit of 778601?
6
What is the units digit of 228778?
8
What is the units digit of 360112?
2
What is the hundreds digit of 3280692?
6
What is the hundred thousands digit of 206762?
2
What is the thousands digit of 84947?
4
What is the hundreds digit of 2796726?
7
What is the ten thousands digit of 16302887?
0
What is the tens digit of 165938?
3
What is the tens digit of 196649?
4
What is the thousands digit of 17955?
7
What is the tens digit of 180591?
9
What is the tens digit of 120024?
2
What is the hundred thousands digit of 5798868?
7
What is the thousands digit of 984483?
4
What is the units digit of 3723982?
2
What is the hundred thousands digit of 1045910?
0
What is the ten thousands digit of 419373?
1
What is the thousands digit of 1309133?
9
What is the hundreds digit of 239805?
8
What is the ten thousands digit of 194982?
9
What is the hundred thousands digit of 369906?
3
What is the ten thousands digit of 14466381?
6
What is the hundreds digit of 15857579?
5
What is the units digit of 3026137?
7
What is the hundreds digit of 1409675?
6
What is the ten thousands digit of 10527606?
2
What is the ten thousands digit of 4783789?
8
What is the tens digit of 235600?
0
What is the hundred thousands digit of 319954?
3
What is the tens digit of 378081?
8
What is the ten thousands digit of 2076015?
7
What is the hundred thousands digit of 1698943?
6
What is the thousands digit of 1421065?
1
What is the thousands digit of 1737400?
7
What is the ten thousands digit of 55902?
5
What is the tens digit of 4841571?
7
What is the tens digit of 22366?
6
What is the hundreds digit of 55573?
5
What is the tens digit of 334575?
7
What is the tens digit of 1176866?
6
Wha